{"id":10,"date":"2019-10-28T01:52:08","date_gmt":"2019-10-28T01:52:08","guid":{"rendered":"https:\/\/demosoledad.pencidesign.net\/soledad-construction-business-multipurpose\/?page_id=10"},"modified":"2024-01-04T16:30:42","modified_gmt":"2024-01-04T13:30:42","slug":"about-us","status":"publish","type":"page","link":"https:\/\/1919pro.com\/index.php\/about-us\/","title":{"rendered":"About Us"},"content":{"rendered":"\t\t<div data-elementor-type=\"wp-page\" data-elementor-id=\"10\" class=\"elementor elementor-10\">\n\t\t\t\t\t\t<section class=\"penci-section penci-dmcheck penci-elbg-activate penci-disSticky penci-structure-10 elementor-section elementor-top-section elementor-element elementor-element-7437118 elementor-section-boxed elementor-section-height-default elementor-section-height-default\" data-id=\"7437118\" data-element_type=\"section\" data-settings=\"{&quot;background_background&quot;:&quot;classic&quot;}\">\n\t\t\t\t\t\t<div class=\"elementor-container elementor-column-gap-no\">\n\t\t\t\t\t<div class=\"penci-ercol-100 penci-ercol-order-1 penci-sticky-ct    elementor-column elementor-col-100 elementor-top-column elementor-element elementor-element-780f841\" data-id=\"780f841\" data-element_type=\"column\">\n\t\t\t<div class=\"elementor-widget-wrap elementor-element-populated\">\n\t\t\t\t\t\t<div class=\"elementor-element elementor-element-779e5d5 elementor-widget elementor-widget-penci-fancy_heading\" data-id=\"779e5d5\" data-element_type=\"widget\" data-widget_type=\"penci-fancy_heading.default\">\n\t\t\t\t<div class=\"elementor-widget-container\">\n\t\t\t\t\t\t\t<div class=\"penci-fancy-heading penci-heading-text-center\">\r\n\t\t\t<div class=\"penci-fancy-heading-inner\">\r\n\t\t\t\t<h2 class=\"penci-heading-title\"><span class=\"inner-tit\">Hak\u0131\u0131m\u0131zda<\/span><\/h2>\t\t\t<\/div>\r\n\t\t<\/div>\r\n\t\t\t\t\t\t<\/div>\n\t\t\t\t<\/div>\n\t\t\t\t\t<\/div>\n\t\t<\/div>\n\t\t\t\t\t<\/div>\n\t\t<\/section>\n\t\t\t\t<section class=\"penci-section penci-disSticky penci-structure-20 elementor-section elementor-top-section elementor-element elementor-element-9900e89 elementor-section-content-middle elementor-section-boxed elementor-section-height-default elementor-section-height-default\" data-id=\"9900e89\" data-element_type=\"section\">\n\t\t\t\t\t\t<div class=\"elementor-container elementor-column-gap-no\">\n\t\t\t\t\t<div class=\"penci-ercol-50 penci-ercol-order-1 penci-sticky-ct    elementor-column elementor-col-50 elementor-top-column elementor-element elementor-element-c7f3b0c\" data-id=\"c7f3b0c\" data-element_type=\"column\">\n\t\t\t<div class=\"elementor-widget-wrap elementor-element-populated\">\n\t\t\t\t\t\t<div class=\"elementor-element elementor-element-aa4e9d4 elementor-widget elementor-widget-image\" data-id=\"aa4e9d4\" data-element_type=\"widget\" data-widget_type=\"image.default\">\n\t\t\t\t<div class=\"elementor-widget-container\">\n\t\t\t\t\t\t\t\t\t\t\t\t\t\t\t<img fetchpriority=\"high\" decoding=\"async\" width=\"1024\" height=\"683\" src=\"https:\/\/1919pro.com\/wp-content\/uploads\/2023\/10\/woman-working-office-1024x683.jpg\" class=\"attachment-large size-large wp-image-338\" alt=\"\" srcset=\"https:\/\/1919pro.com\/wp-content\/uploads\/2023\/10\/woman-working-office-1024x683.jpg 1024w, https:\/\/1919pro.com\/wp-content\/uploads\/2023\/10\/woman-working-office-300x200.jpg 300w, https:\/\/1919pro.com\/wp-content\/uploads\/2023\/10\/woman-working-office-768x512.jpg 768w, https:\/\/1919pro.com\/wp-content\/uploads\/2023\/10\/woman-working-office-1536x1024.jpg 1536w, https:\/\/1919pro.com\/wp-content\/uploads\/2023\/10\/woman-working-office-2048x1365.jpg 2048w, https:\/\/1919pro.com\/wp-content\/uploads\/2023\/10\/woman-working-office-1920x1280.jpg 1920w, https:\/\/1919pro.com\/wp-content\/uploads\/2023\/10\/woman-working-office-1170x780.jpg 1170w, https:\/\/1919pro.com\/wp-content\/uploads\/2023\/10\/woman-working-office-585x390.jpg 585w, https:\/\/1919pro.com\/wp-content\/uploads\/2023\/10\/woman-working-office-263x175.jpg 263w\" sizes=\"(max-width: 1024px) 100vw, 1024px\" \/>\t\t\t\t\t\t\t\t\t\t\t\t\t\t\t<\/div>\n\t\t\t\t<\/div>\n\t\t\t\t\t<\/div>\n\t\t<\/div>\n\t\t\t\t<div class=\"penci-ercol-50 penci-ercol-order-2 penci-sticky-ct  penci-dmcheck penci-elbg-activate  elementor-column elementor-col-50 elementor-top-column elementor-element elementor-element-374d4f8\" data-id=\"374d4f8\" data-element_type=\"column\" data-settings=\"{&quot;background_background&quot;:&quot;classic&quot;}\">\n\t\t\t<div class=\"elementor-widget-wrap elementor-element-populated\">\n\t\t\t\t\t\t<div class=\"elementor-element elementor-element-bca43b4 elementor-widget elementor-widget-penci-fancy_heading\" data-id=\"bca43b4\" data-element_type=\"widget\" data-widget_type=\"penci-fancy_heading.default\">\n\t\t\t\t<div class=\"elementor-widget-container\">\n\t\t\t\t\t\t\t<div class=\"penci-fancy-heading penci-heading-text-left\">\r\n\t\t\t<div class=\"penci-fancy-heading-inner\">\r\n\t\t\t\t<h2 class=\"penci-heading-title\"><span class=\"inner-tit\">Misyonumuz\n<\/span><\/h2><div class=\"penci-heading-content entry-content\"><p>E\u011fitimin, daha iyi bir gelecek in\u015fa etmedeki g\u00fcc\u00fcne inan\u0131yoruz ve \u00f6\u011frencilere meraklar\u0131n\u0131 uyand\u0131ran ve ke\u015ffetmelerini te\u015fvik eden bir e\u011fitim ortam\u0131 sa\u011flama amac\u0131n\u0131 ta\u015f\u0131yoruz. \u00d6\u011frencilerin g\u00fc\u00e7lenmelerini ve akademik ve ki\u015fisel hedeflerine ula\u015fmalar\u0131n\u0131 destekleme konusunda kapsaml\u0131 bir yakla\u015f\u0131m sunmay\u0131 hedefliyoruz.<\/p>\n<\/div>\t\t\t<\/div>\r\n\t\t<\/div>\r\n\t\t\t\t\t\t<\/div>\n\t\t\t\t<\/div>\n\t\t\t\t<div class=\"elementor-element elementor-element-1828901 elementor-align-left elementor-widget elementor-widget-button\" data-id=\"1828901\" data-element_type=\"widget\" data-widget_type=\"button.default\">\n\t\t\t\t<div class=\"elementor-widget-container\">\n\t\t\t\t\t\t\t\t\t<div class=\"elementor-button-wrapper\">\n\t\t\t\t\t<a class=\"elementor-button elementor-size-lg\" role=\"button\">\n\t\t\t\t\t\t<span class=\"elementor-button-content-wrapper\">\n\t\t\t\t\t\t\t\t\t<span class=\"elementor-button-text\">Bizimle \u00e7al\u0131\u015f<\/span>\n\t\t\t\t\t<\/span>\n\t\t\t\t\t<\/a>\n\t\t\t\t<\/div>\n\t\t\t\t\t\t\t\t<\/div>\n\t\t\t\t<\/div>\n\t\t\t\t\t<\/div>\n\t\t<\/div>\n\t\t\t\t\t<\/div>\n\t\t<\/section>\n\t\t\t\t<section class=\"penci-section penci-disSticky penci-structure-30 elementor-section elementor-top-section elementor-element elementor-element-1bb72eb elementor-section-content-middle elementor-section-boxed elementor-section-height-default elementor-section-height-default\" data-id=\"1bb72eb\" data-element_type=\"section\">\n\t\t\t\t\t\t<div class=\"elementor-container elementor-column-gap-no\">\n\t\t\t\t\t<div class=\"penci-ercol-33 penci-ercol-order-1 penci-sticky-sb penci-sidebarSC penci-dmcheck penci-elbg-activate  elementor-column elementor-col-33 elementor-top-column elementor-element elementor-element-d57de50\" data-id=\"d57de50\" data-element_type=\"column\" data-settings=\"{&quot;background_background&quot;:&quot;classic&quot;}\">\n\t\t\t<div class=\"elementor-widget-wrap elementor-element-populated\">\n\t\t\t\t\t\t<div class=\"elementor-element elementor-element-56361e1 elementor-widget elementor-widget-penci-fancy_heading\" data-id=\"56361e1\" data-element_type=\"widget\" data-widget_type=\"penci-fancy_heading.default\">\n\t\t\t\t<div class=\"elementor-widget-container\">\n\t\t\t\t\t\t\t<div class=\"penci-fancy-heading penci-heading-text-left\">\r\n\t\t\t<div class=\"penci-fancy-heading-inner\">\r\n\t\t\t\t<h2 class=\"penci-heading-title\"><span class=\"inner-tit\">Felsefemiz\n<\/span><\/h2><div class=\"penci-heading-content entry-content\"><p>Lise \u00f6\u011frencilerinin akademik ba\u015far\u0131lar\u0131n\u0131 art\u0131rmak ve ki\u015fisel becerilerini geli\u015ftirmek isteyen herkesin ilk tercihi olmay\u0131 hedefliyoruz. Her \u00f6\u011frencinin ba\u015far\u0131 ve m\u00fckemmellik yolculu\u011funda bir ortak olma f\u0131rsat\u0131n\u0131 sab\u0131rs\u0131zl\u0131kla bekliyoruz.<\/p>\n<\/div>\t\t\t<\/div>\r\n\t\t<\/div>\r\n\t\t\t\t\t\t<\/div>\n\t\t\t\t<\/div>\n\t\t\t\t\t<\/div>\n\t\t<\/div>\n\t\t\t\t<div class=\"penci-ercol-33 penci-ercol-order-2 penci-sticky-sb penci-sidebarSC   elementor-column elementor-col-33 elementor-top-column elementor-element elementor-element-a473257\" data-id=\"a473257\" data-element_type=\"column\">\n\t\t\t<div class=\"elementor-widget-wrap elementor-element-populated\">\n\t\t\t\t\t\t<div class=\"elementor-element elementor-element-f874dc8 elementor-widget elementor-widget-image\" data-id=\"f874dc8\" data-element_type=\"widget\" data-widget_type=\"image.default\">\n\t\t\t\t<div class=\"elementor-widget-container\">\n\t\t\t\t\t\t\t\t\t\t\t\t\t\t\t<img decoding=\"async\" width=\"1024\" height=\"683\" src=\"https:\/\/1919pro.com\/wp-content\/uploads\/2023\/10\/close-up-hand-writing-notebook-top-view-1024x683.jpg\" class=\"attachment-large size-large wp-image-339\" alt=\"\" srcset=\"https:\/\/1919pro.com\/wp-content\/uploads\/2023\/10\/close-up-hand-writing-notebook-top-view-1024x683.jpg 1024w, https:\/\/1919pro.com\/wp-content\/uploads\/2023\/10\/close-up-hand-writing-notebook-top-view-300x200.jpg 300w, https:\/\/1919pro.com\/wp-content\/uploads\/2023\/10\/close-up-hand-writing-notebook-top-view-768x512.jpg 768w, https:\/\/1919pro.com\/wp-content\/uploads\/2023\/10\/close-up-hand-writing-notebook-top-view-1536x1024.jpg 1536w, https:\/\/1919pro.com\/wp-content\/uploads\/2023\/10\/close-up-hand-writing-notebook-top-view-2048x1365.jpg 2048w, https:\/\/1919pro.com\/wp-content\/uploads\/2023\/10\/close-up-hand-writing-notebook-top-view-1920x1280.jpg 1920w, https:\/\/1919pro.com\/wp-content\/uploads\/2023\/10\/close-up-hand-writing-notebook-top-view-1170x780.jpg 1170w, https:\/\/1919pro.com\/wp-content\/uploads\/2023\/10\/close-up-hand-writing-notebook-top-view-585x390.jpg 585w, https:\/\/1919pro.com\/wp-content\/uploads\/2023\/10\/close-up-hand-writing-notebook-top-view-263x175.jpg 263w\" sizes=\"(max-width: 1024px) 100vw, 1024px\" \/>\t\t\t\t\t\t\t\t\t\t\t\t\t\t\t<\/div>\n\t\t\t\t<\/div>\n\t\t\t\t\t<\/div>\n\t\t<\/div>\n\t\t\t\t<div class=\"penci-ercol-33 penci-ercol-order-3 penci-sticky-sb penci-sidebarSC penci-dmcheck penci-elbg-activate  elementor-column elementor-col-33 elementor-top-column elementor-element elementor-element-4cb9dd9\" data-id=\"4cb9dd9\" data-element_type=\"column\" data-settings=\"{&quot;background_background&quot;:&quot;classic&quot;}\">\n\t\t\t<div class=\"elementor-widget-wrap elementor-element-populated\">\n\t\t\t\t\t\t<div class=\"elementor-element elementor-element-8a3cfed elementor-widget elementor-widget-penci-fancy_heading\" data-id=\"8a3cfed\" data-element_type=\"widget\" data-widget_type=\"penci-fancy_heading.default\">\n\t\t\t\t<div class=\"elementor-widget-container\">\n\t\t\t\t\t\t\t<div class=\"penci-fancy-heading penci-heading-text-left\">\r\n\t\t\t<div class=\"penci-fancy-heading-inner\">\r\n\t\t\t\t<h2 class=\"penci-heading-title\"><span class=\"inner-tit\">Bug\u00fcn bize kat\u0131l<\/span><\/h2><div class=\"penci-heading-content entry-content\"><p>Size yeni bir anlay\u0131\u015f ve ilham ufku a\u00e7an \u00f6\u011frenme d\u00fcnyas\u0131ndaki yolculu\u011funuza ba\u015flamak i\u00e7in bug\u00fcn bize kat\u0131l\u0131n. Yeteneklerinizi ke\u015ffedin ve gelecek vaat eden akademik gelece\u011finizi in\u015fa edin.<\/p>\n<\/div>\t\t\t<\/div>\r\n\t\t<\/div>\r\n\t\t\t\t\t\t<\/div>\n\t\t\t\t<\/div>\n\t\t\t\t\t<\/div>\n\t\t<\/div>\n\t\t\t\t\t<\/div>\n\t\t<\/section>\n\t\t\t\t<section class=\"penci-section penci-dmcheck penci-elbg-activate penci-disSticky penci-structure-10 elementor-section elementor-top-section elementor-element elementor-element-5586a87 elementor-section-boxed elementor-section-height-default elementor-section-height-default\" data-id=\"5586a87\" data-element_type=\"section\" data-settings=\"{&quot;background_background&quot;:&quot;classic&quot;}\">\n\t\t\t\t\t\t<div class=\"elementor-container elementor-column-gap-no\">\n\t\t\t\t\t<div class=\"penci-ercol-100 penci-ercol-order-1 penci-sticky-ct    elementor-column elementor-col-100 elementor-top-column elementor-element elementor-element-eadf606\" data-id=\"eadf606\" data-element_type=\"column\">\n\t\t\t<div class=\"elementor-widget-wrap elementor-element-populated\">\n\t\t\t\t\t\t<div class=\"elementor-element elementor-element-39152d6 elementor-widget elementor-widget-image\" data-id=\"39152d6\" data-element_type=\"widget\" data-widget_type=\"image.default\">\n\t\t\t\t<div class=\"elementor-widget-container\">\n\t\t\t\t\t\t\t\t\t\t\t\t\t\t\t<img decoding=\"async\" width=\"1024\" height=\"683\" src=\"https:\/\/1919pro.com\/wp-content\/uploads\/2023\/10\/3320739-1024x683.jpg\" class=\"attachment-large size-large wp-image-315\" alt=\"\" srcset=\"https:\/\/1919pro.com\/wp-content\/uploads\/2023\/10\/3320739-1024x683.jpg 1024w, https:\/\/1919pro.com\/wp-content\/uploads\/2023\/10\/3320739-300x200.jpg 300w, https:\/\/1919pro.com\/wp-content\/uploads\/2023\/10\/3320739-768x512.jpg 768w, https:\/\/1919pro.com\/wp-content\/uploads\/2023\/10\/3320739-1536x1024.jpg 1536w, https:\/\/1919pro.com\/wp-content\/uploads\/2023\/10\/3320739-2048x1365.jpg 2048w, https:\/\/1919pro.com\/wp-content\/uploads\/2023\/10\/3320739-1920x1280.jpg 1920w, https:\/\/1919pro.com\/wp-content\/uploads\/2023\/10\/3320739-1170x780.jpg 1170w, https:\/\/1919pro.com\/wp-content\/uploads\/2023\/10\/3320739-585x390.jpg 585w, https:\/\/1919pro.com\/wp-content\/uploads\/2023\/10\/3320739-263x175.jpg 263w\" sizes=\"(max-width: 1024px) 100vw, 1024px\" \/>\t\t\t\t\t\t\t\t\t\t\t\t\t\t\t<\/div>\n\t\t\t\t<\/div>\n\t\t\t\t\t<\/div>\n\t\t<\/div>\n\t\t\t\t\t<\/div>\n\t\t<\/section>\n\t\t<div class=\"elementor-element elementor-element-4e6d613 e-flex e-con-boxed e-con e-parent\" data-id=\"4e6d613\" data-element_type=\"container\">\n\t\t\t\t\t<div class=\"e-con-inner\">\n\t\t\t\t<div class=\"elementor-element elementor-element-c6a5752 elementor-widget elementor-widget-penci-featured-boxes\" data-id=\"c6a5752\" data-element_type=\"widget\" data-widget_type=\"penci-featured-boxes.default\">\n\t\t\t\t<div class=\"elementor-widget-container\">\n\t\t\t\t\t\t\t<div class=\"clearfix home-featured-boxes home-featured-boxes-sc home-featured-boxes-vc boxes-size-horizontal\">\r\n\t\t\t<ul class=\"homepage-featured-boxes boxes-3-columns\">\r\n\t\t\t\t\t\t\t\t\t\t<li class=\"penci-featured-ct  boxes-has-text\">\r\n\t\t\t\t\t\t\t<a href=\"http:\/\/example1.com\/\">\t\t\t\t\t\t\t<div class=\"penci-fea-in boxes-style-1\">\r\n\t\t\t\t\t\t\t\t\t\t\t\t\t\t\t\t\t<div class=\"fea-box-img penci-image-holder penci-holder-load penci-lazy\" data-bgset=\"https:\/\/1919pro.com\/wp-content\/plugins\/elementor\/assets\/images\/placeholder.png\"><\/div>\r\n\t\t\t\t\t\t\t\t\r\n\t\t\t\t\t\t\t\t\t\t\t\t\t\t\t\t\t<h4><span class=\"boxes-text\"><span>LGS<\/span><\/span><\/h4>\r\n\t\t\t\t\t\t\t\t\t\t\t\t\t\t\t<\/div>\r\n\t\t\t\t\t\t\t<\/a>\t\t\t\t\t\t<\/li>\r\n\t\t\t\t\t\t\t\t\t\t\t\t<li class=\"penci-featured-ct  boxes-has-text\">\r\n\t\t\t\t\t\t\t<a href=\"http:\/\/example1.com\/\">\t\t\t\t\t\t\t<div class=\"penci-fea-in boxes-style-1\">\r\n\t\t\t\t\t\t\t\t\t\t\t\t\t\t\t\t\t<div class=\"fea-box-img penci-image-holder penci-holder-load penci-lazy\" data-bgset=\"https:\/\/1919pro.com\/wp-content\/plugins\/elementor\/assets\/images\/placeholder.png\"><\/div>\r\n\t\t\t\t\t\t\t\t\r\n\t\t\t\t\t\t\t\t\t\t\t\t\t\t\t\t\t<h4><span class=\"boxes-text\"><span>TYT<\/span><\/span><\/h4>\r\n\t\t\t\t\t\t\t\t\t\t\t\t\t\t\t<\/div>\r\n\t\t\t\t\t\t\t<\/a>\t\t\t\t\t\t<\/li>\r\n\t\t\t\t\t\t\t\t\t\t\t\t<li class=\"penci-featured-ct  boxes-has-text\">\r\n\t\t\t\t\t\t\t<a href=\"http:\/\/example1.com\/\">\t\t\t\t\t\t\t<div class=\"penci-fea-in boxes-style-1\">\r\n\t\t\t\t\t\t\t\t\t\t\t\t\t\t\t\t\t<div class=\"fea-box-img penci-image-holder penci-holder-load penci-lazy\" data-bgset=\"https:\/\/1919pro.com\/wp-content\/plugins\/elementor\/assets\/images\/placeholder.png\"><\/div>\r\n\t\t\t\t\t\t\t\t\r\n\t\t\t\t\t\t\t\t\t\t\t\t\t\t\t\t\t<h4><span class=\"boxes-text\"><span>AYT<\/span><\/span><\/h4>\r\n\t\t\t\t\t\t\t\t\t\t\t\t\t\t\t<\/div>\r\n\t\t\t\t\t\t\t<\/a>\t\t\t\t\t\t<\/li>\r\n\t\t\t\t\t\t\t\t\t<\/ul>\r\n\t\t<\/div>\r\n\t\t\t\t\t\t<\/div>\n\t\t\t\t<\/div>\n\t\t\t\t\t<\/div>\n\t\t\t\t<\/div>\n\t\t\t\t<section class=\"penci-section penci-dmcheck penci-elbg-activate penci-disSticky penci-structure-10 elementor-section elementor-top-section elementor-element elementor-element-e5314c7 elementor-section-content-middle elementor-section-full_width elementor-section-height-default elementor-section-height-default\" data-id=\"e5314c7\" data-element_type=\"section\" data-settings=\"{&quot;background_background&quot;:&quot;classic&quot;}\">\n\t\t\t\t\t\t\t<div class=\"elementor-background-overlay\"><\/div>\n\t\t\t\t\t\t\t<div class=\"elementor-container elementor-column-gap-extended\">\n\t\t\t\t\t<div class=\"penci-ercol-100 penci-ercol-order-1 penci-sticky-ct  penci-dmcheck penci-elbg-activate penci-elbg-img elementor-column elementor-col-100 elementor-top-column elementor-element elementor-element-3108792\" data-id=\"3108792\" data-element_type=\"column\" data-settings=\"{&quot;background_background&quot;:&quot;classic&quot;}\">\n\t\t\t<div class=\"elementor-widget-wrap elementor-element-populated\">\n\t\t\t\t\t<div class=\"elementor-background-overlay\"><\/div>\n\t\t\t\t\t\t<div class=\"elementor-element elementor-element-388cbd8 elementor-widget elementor-widget-penci-fancy_heading\" data-id=\"388cbd8\" data-element_type=\"widget\" data-widget_type=\"penci-fancy_heading.default\">\n\t\t\t\t<div class=\"elementor-widget-container\">\n\t\t\t\t\t\t\t<div class=\"penci-fancy-heading penci-heading-text-center\">\r\n\t\t\t<div class=\"penci-fancy-heading-inner\">\r\n\t\t\t\t<h2 class=\"penci-heading-title\"><span class=\"inner-tit\">Bizimle \u0130leti\u015fime Ge\u00e7in\n<\/span><\/h2><div class=\"penci-heading-content entry-content\"><p>Herhangi bir sorunuz veya \u00f6neriniz varsa veya bizimle i\u015fbirli\u011fi yapmak istiyorsan\u0131z, l\u00fctfen bizimle ileti\u015fime ge\u00e7mekten \u00e7ekinmeyin. Bize [e-posta adresi] adresiyle veya sosyal medya \u00fczerinden ula\u015fabilirsiniz.<\/p>\n<\/div>\t\t\t<\/div>\r\n\t\t<\/div>\r\n\t\t\t\t\t\t<\/div>\n\t\t\t\t<\/div>\n\t\t\t\t<div class=\"elementor-element elementor-element-acba5eb elementor-align-center elementor-widget elementor-widget-button\" data-id=\"acba5eb\" data-element_type=\"widget\" data-widget_type=\"button.default\">\n\t\t\t\t<div class=\"elementor-widget-container\">\n\t\t\t\t\t\t\t\t\t<div class=\"elementor-button-wrapper\">\n\t\t\t\t\t<a class=\"elementor-button elementor-button-link elementor-size-lg\" href=\"https:\/\/1919pro.com\/index.php\/contact-us\/\">\n\t\t\t\t\t\t<span class=\"elementor-button-content-wrapper\">\n\t\t\t\t\t\t\t\t\t<span class=\"elementor-button-text\">Follow Us<\/span>\n\t\t\t\t\t<\/span>\n\t\t\t\t\t<\/a>\n\t\t\t\t<\/div>\n\t\t\t\t\t\t\t\t<\/div>\n\t\t\t\t<\/div>\n\t\t\t\t\t<\/div>\n\t\t<\/div>\n\t\t\t\t\t<\/div>\n\t\t<\/section>\n\t\t\t\t<\/div>\n\t\t","protected":false},"excerpt":{"rendered":"<p>Hak\u0131\u0131m\u0131zda Misyonumuz E\u011fitimin, daha iyi bir gelecek in\u015fa etmedeki g\u00fcc\u00fcne inan\u0131yoruz ve \u00f6\u011frencilere meraklar\u0131n\u0131 uyand\u0131ran ve ke\u015ffetmelerini te\u015fvik eden bir e\u011fitim ortam\u0131 sa\u011flama amac\u0131n\u0131 ta\u015f\u0131yoruz. \u00d6\u011frencilerin g\u00fc\u00e7lenmelerini ve akademik ve&hellip;<\/p>\n","protected":false},"author":1,"featured_media":0,"parent":0,"menu_order":0,"comment_status":"closed","ping_status":"closed","template":"page-fullwidth.php","meta":{"content-type":"","footnotes":""},"class_list":["post-10","page","type-page","status-publish","hentry"],"_links":{"self":[{"href":"https:\/\/1919pro.com\/index.php\/wp-json\/wp\/v2\/pages\/10","targetHints":{"allow":["GET"]}}],"collection":[{"href":"https:\/\/1919pro.com\/index.php\/wp-json\/wp\/v2\/pages"}],"about":[{"href":"https:\/\/1919pro.com\/index.php\/wp-json\/wp\/v2\/types\/page"}],"author":[{"embeddable":true,"href":"https:\/\/1919pro.com\/index.php\/wp-json\/wp\/v2\/users\/1"}],"replies":[{"embeddable":true,"href":"https:\/\/1919pro.com\/index.php\/wp-json\/wp\/v2\/comments?post=10"}],"version-history":[{"count":34,"href":"https:\/\/1919pro.com\/index.php\/wp-json\/wp\/v2\/pages\/10\/revisions"}],"predecessor-version":[{"id":510,"href":"https:\/\/1919pro.com\/index.php\/wp-json\/wp\/v2\/pages\/10\/revisions\/510"}],"wp:attachment":[{"href":"https:\/\/1919pro.com\/index.php\/wp-json\/wp\/v2\/media?parent=10"}],"curies":[{"name":"wp","href":"https:\/\/api.w.org\/{rel}","templated":true}]}}